 Let l be (-6 + (2 - 0))*(-63)/m. Let q(f) = 16*f**2 - 4*f + 15. Is q(l) a composite number?
True
Suppose 2*g = -31892 + 147698. Is g prime?
False
Is 0 + 6995 + (-49 - -49) a prime number?
False
Let c(o) = o**2 + o + 1. Let q(y) = -3203*y**3 + 5*y**2 + 6*y + 7. Let k(w) = 6*c(w) - q(w). Let r = 147 - 146. Is k(r) prime?
True
Let m(n) = n**3 + 27*n**2 + 12*n + 21. Is m(-17) a prime number?
True
Let p = -238510 - -342777. Is p composite?
True
Suppose -6*c + 23*c = 85. Let x(i) = 831*i + 38. Is x(c) prime?
False
Let a(i) = -5508*i**3 + 7*i**2 + 10*i + 2. Is a(-1) prime?
True
Suppose 32*b - 690014 = 5154242. Is b prime?
False
Suppose -5*a + 3*a = f - 40369, 40367 = f + a. Let l = -21394 + f. Is l a composite number?
True
Is -15 + 1/((-3)/(-1021674)) a composite number?
True
Suppose -384*k - 1854 = -386*k. Is ((-42)/(-9))/(2/k) - -4 a composite number?
True
Let y be 6 + 0/((-1)/1). Let d be (2332/y)/((-86)/18 + 5). Suppose -5*w = -d - 1561. Is w composite?
True
Let y(q) = -14190*q + 1331. Is y(-98) composite?
True
Let v(p) = -p**3 - 16*p**2 + 17*p + 1. Let w be v(-17). Suppose -j + 2 = -w. Suppose -j*o - 586 = -2455. Is o prime?
False
Let v be -6 - (0 - (3 - -154)). Suppose -3*q = -v - 230. Is q composite?
False
Let s(f) = 11*f**2 - 35*f + 43. Let p(r) = 4*r**2 - 12*r + 14. Let w(a) = -8*p(a) + 3*s(a). Let j be w(6). Is (893 - (j + (4 - 0))) + -3 a composite number?
False
Let o = 317 - 314. Suppose o = 3*s, 5*t - 4*s = -5*s + 79456. Is t composite?
True
Let x(n) be the third derivative of 0 - 5/12*n**4 - 7/60*n**5 + 0*n - 1/6*n**3 - 10*n**2 - 1/120*n**6. Is x(-6) composite?
False
Let n be ((-22)/(-4) - 5)*4. Suppose n*f - 699 = 1147. Is f prime?
False
Is (-65)/39 + 1 - 213647/(-3) a prime number?
False
Let f = 413523 + -137384. Is f a prime number?
False
Let q(b) = 122*b**2 + 5*b + 186. Is q(-29) a composite number?
False
Let g(a) = 18*a**2 - 8*a - 5. Let f be g(5). Suppose 2*w - 643 = f. Suppose 4*h - s - w = 0, -119 = -3*h + 5*s + 274. Is h composite?
False
Let u = -12596 - -51847. Is u composite?
False
Suppose -4*n - 12045 = -j, 0*j - 2*n = 3*j - 36107. Let v = -1638 + j. Is v a prime number?
True
Let r(z) = 282*z**2 - 76*z - 1581. Is r(-62) composite?
True
Let q(f) = -f**3 + 24*f. Let r be q(-5). Suppose -4*g = -0*g - 5*a - 18797, r*g = -a + 23518. Is g composite?
False
Suppose 82*x + 68256887 = 371*x. Is x composite?
True
Let n(p) = -34*p**3 - 28*p**2 + 65*p - 68. Let k(x) = 9*x**3 + 7*x**2 - 16*x + 17. Let j(y) = 9*k(y) + 2*n(y). Is j(7) a prime number?
True
Let c = -1176 + 216. Let u = c + 3871. Is u composite?
True
Let d(w) = -w**3 + 17*w**2 - 22*w + 23. Let y be d(20). Suppose -s - 12680 = -6*s. Let c = y + s. Is c a prime number?
True
Let c(q) = -1115*q - 54. Let w be 5*(-5)/(-125) + (-24)/(-5). Suppose n + w*p = -38, p = -4*p - 25. Is c(n) a prime number?
False
Let q = 16144 - 2281. Suppose 40923 = 6*a - q. Is a a composite number?
True
Suppose 30327 + 18183 = 5*x. Suppose 0*u - 9*u = -x. Suppose -4*t + 552 = -3*p - 538, 4*t = -3*p + u. Is t a composite number?
False
Is (-133)/19 - (1 + -76669) a composite number?
True
Let b(w) = -3*w + 16. Let k be b(3). Suppose 0 = m + 4*d - k, 6 = -3*m - m + d. Is 1215 + (-5 - -3) + (m - 1) composite?
True
Let i(m) be the third derivative of 5/12*m**4 + 17/6*m**3 - 22*m**2 + 0*m - 1/120*m**6 + 11/60*m**5 + 0. Is i(11) prime?
True
Let s(b) = 14*b**2 - 544*b**3 + 543*b**3 + 6 + 9*b**2 + 31*b. Is s(13) a composite number?
False
Suppose -3*c + 2862276 = 3*a, -20*c = -3*a - 24*c + 2862277. Is a prime?
False
Let u(o) = o**2 - 7*o - 1. Let q be u(8). Suppose -q*t + 19160 - 925 = 0. Is t prime?
False
Suppose 21*k + 9991507 = 74*k. Is k a composite number?
False
Suppose -4*y + 5*y - 13 = 0. Let h(v) = 34*v - 1 - v**2 + 121*v**3 - y*v - 19*v. Is h(2) a composite number?
False
Is (423911 + -12)/7 + -4 composite?
True
Let l(s) = 15*s + 20 + 9*s - 14*s + 7*s. Let m be l(5). Suppose m = 4*y - 1379. Is y composite?
True
Let l(a) = 2*a + 2*a + 1 - 50*a**2 + 53*a**2 - 8*a. Let r be l(2). Suppose r*b - 3666 = 15269. Is b a prime number?
False
Suppose 0 = -104*a + 102*a + 5394. Let b = a - 374. Is b a composite number?
True
Suppose -2*g + 4458 = -3*o - 0*g, 0 = -3*g - 9. Let q = -137 - o. Is q prime?
False
Let u = 1966 - -1301. Let t be 1*(-2)/5 - u/(-605). Suppose m - f - 1046 = 0, -3*f + t + 4 = 0. Is m composite?
False
Let h be 15*3*2/15. Let p(v) = -159*v**2 + 4*v + 150*v**2 + 10*v - 3 + 0 + 18*v**3 + 2. Is p(h) a composite number?
True
Suppose 1 = 2*t + 3*o + 4, -3*t = 3*o. Suppose -5*b + 3019 = 4*m - 3812, -3*b + 5124 = t*m. Is m a prime number?
True
Let w(k) = -2*k**3 - 32*k**2 - 13*k + 45. Suppose 176 = 13*g - 21*g. Is w(g) prime?
False
Let k(d) = d**3 - 10*d**2 - 13*d + 14. Let r be k(11). Is 0/(-1)*r/16 + 7721 a composite number?
True
Let j(y) be the first derivative of 454*y**3 - y - 2. Suppose 13*k - 11*k + 2 = 0. Is j(k) prime?
True
Let z(o) = 6627*o - 2. Let a be z(1). Suppose -4*i = 3*m - 4*m - a, 3*i - 4959 = 4*m. Is i a prime number?
True
Let b(a) = 16*a**2 - 32*a + 177. Suppose -y + 4*y = -2*z + 17, 2*z = 3*y + 47. Is b(z) prime?
True
Let z be (-1941 + 1)*(-19 + 21). Let v = z + 6837. Is v prime?
True
Let k = 478703 - 160192. Is k composite?
True
Let n(j) = 2*j**3 - j**2 + 6*j - 12. Let v be n(5). Suppose 16015 = 2*r + v. Suppose 5*g - 3*g - r = 0. Is g a prime number?
True
Let r(n) = 833*n**3 + 6*n**2 - 13*n + 25. Is r(3) prime?
True
Let u(c) = 4*c**2 - 12*c + 68. Let p be u(6). Is ((-92456)/p)/(4/(-10)) prime?
False
Suppose 11*j = -2*k + 16*j + 2231, 2*j + 4486 = 4*k. Suppose -35*m + k = -34*m. Is m a prime number?
True
Suppose -5 = -5*i + 20. Suppose -i*r = 15, 334 = -4*q - 2*r - 240. Let l = -65 - q. Is l a prime number?
False
Let d(f) = f**2 + 2*f + 1081. Suppose -2*h + 3*u - 2 - 1 = 0, 3 = 3*u. Is d(h) a prime number?
False
Let v = 120 + -115. Suppose v*t - j = 42500, 12180 = 3*t - 4*j - 13303. Is t prime?
True
Is (-655370)/(-5)*(-7)/(-14) a prime number?
True
Let i = -2545 + 10508. Suppose 4*q - 3*q - 2661 = -5*k, 0 = -3*q - 5*k + i. Is q a prime number?
False
Is 6565308/24 + (-9)/6 prime?
False
Let v(b) = 29*b - 15. Let q(w) = 3*w + 2. Let h(g) = -5*q(g) - v(g). Suppose 0 = 2*t - 6*k + 2*k + 16, -3*k = -5*t - 26. Is h(t) a prime number?
True
Let s(z) = 249*z**2 - 48*z - 110. Is s(51) composite?
False
Is -7*(-9)/36*431996 a composite number?
True
Suppose -2*s = 2*p + 37618, -2*s + 6*s = -5*p - 94048. Is (p/(-10))/((-2)/(-5)) a prime number?
True
Let j(z) = 257*z**2 - 166*z + 1241. Is j(8) prime?
True
Let x(a) = 168*a**3 + 4*a**2 - 5*a - 4. Let g be x(4). Is -2*(g/(-16) - 6) a prime number?
True
Is 6*(-18 + 1196720/96) prime?
True
Let r(b) be the second derivative of 2*b**3/3 + 17*b**2/2 - 14*b. Let s be r(-3). Suppose -s*p + 920 = -5*m, -4*p - 3*m = -427 - 316. Is p a prime number?
False
Suppose -4*m - 2*v + 1844 = -15930, 5*m - v - 22207 = 0. Suppose 5756 + m = 2*c. Is c a prime number?
True
Let q(f) = f**3 + 90*f**2 + 138*f + 547. Is q(-70) a composite number?
True
Suppose 0 = 13*q - 10*q - 8397. Suppose -q = 11*b - 39044. Let j = b - 1448. Is j composite?
False
Suppose -169180 = -11*k + 3222483. Is k a composite number?
False
Let k(v) be the third derivative of v**6/120 + v**5/30 + 6397*v**3/6 + 20*v**2 + 3. Is k(0) a prime number?
True
Suppose 2*b - 3*u + 671 = -0*b, -2*u = 2*b + 676. Suppose 5*c - 3200 = -4*d, 4*c - 2556 = -46*d + 42*d. Let m = c + b. Is m a prime number?
True
Suppose 1908656 - 147304 = 16*s - 246600. Is s prime?
True
Suppose -8*b + b + 18088 = 0. Suppose -18*y + b = -13382. Is y prime?
True
Let g(v) = -v**3 - 22*v**2 - 16*v - 938. Is g(-54) a prime number?
False
Is 833812/10 - (306/(-10))/17 composite?
False
Let y = -15704 + 23397. Let b = -5408 + y. Is b a composite number?
True
Let n(f) = -f**3 - 18*f**2 + 19*f + 5. Let g be n(-19). Let t be g + (-54)/12 - 595/(-2). Let c = t + 121. Is c composite?
False
Suppose -l + 1128886 = m, -3*l + 10*m - 12*m = -3386661. Is l a prime number?
True
Let i = -152 + 157. Is (-27)/30*-1966 - 2/i prime?
False
Let z(s) = -168*s**3 - 3*s**2 - 16*s + 17. Is z(-6) a composite number?
False
Is ((-166987056)/(-1088))/((-6)/(-8)) prime?
True
Suppose 0 = -q + 29*q - 896. Suppose q*f + 12226 = 34*f. Is f a composite number?
False
Let x(i) = -